{"id":2213,"date":"2022-03-11T16:21:17","date_gmt":"2022-03-11T16:21:17","guid":{"rendered":"https:\/\/www.alphabetmoda.it\/?page_id=3"},"modified":"2022-03-11T16:21:17","modified_gmt":"2022-03-11T16:21:17","slug":"privacy-policy-2","status":"publish","type":"page","link":"https:\/\/www.alphabetmoda.it\/index.php\/privacy-policy-2\/","title":{"rendered":"Privacy Policy"},"content":{"rendered":"<h3 style=\"text-align: left;\">(Ai sensi dell\u2019art. 13 del Regolamento UE n. 2016\/679)<\/h3>\n<p>Desideriamo informare l\u2019Utente che il Regolamento UE n. 2016\/679 garantisce che il trattamento dei dati personali si svolga nel<br \/>rispetto dei diritti e delle libert\u00e0 fondamentali, nonch\u00e9 della dignit\u00e0 dell\u2019interessato, con particolare riferimento alla riservatezza,<br \/>all&#8217;identit\u00e0 personale e al diritto alla protezione dei dati personali. Vengono qui inoltre descritte le modalit\u00e0 di gestione del sito in<br \/>riferimento al trattamento dei dati personali degli utenti che lo consultano e che hanno eventualmente accesso all\u2019area riservata.<br \/>Si tratta di un\u2019informativa che \u00e8 resa anche ai sensi dell\u2019art. 13 del Regolamento UE n. 2016\/679 a coloro che interagiscono con i<br \/>servizi web di Alphabet Maglificio S.r.l. accessibili per via telematica all\u2019indirizzo:<\/p>\n<p><a href=\"https:\/\/www.alphabetmoda.it\">https:\/\/www.alphabetmoda.it<\/a><\/p>\n<p>Questa informativa \u00e8 resa per i soli siti riferibili a Alphabet Maglificio S.r.l. e non per altri siti web eventualmente consultati<br \/>dall\u2019Utente tramite link.<br \/>L\u2019informativa prende spunto dalla Raccomandazione n. 2\/2001 che le autorit\u00e0 europee per la protezione dei dati personali, riunite<br \/>nel Gruppo istituito dall\u2019art. 29 della direttiva n. 95\/46\/CE, hanno adottato il 17 maggio 2001 per individuare alcuni requisiti minimi<br \/>per la raccolta di dati personali on-line, e, in particolare, le modalit\u00e0, i tempi e la natura delle informazioni che i titolari del trattamento<br \/>devono fornire agli utenti quando questi si collegano a pagine web, indipendentemente dagli scopi del collegamento.<\/p>\n<p><strong>BASE GIURIDICA DEL TRATTAMENTO<\/strong><\/p>\n<p>La base giuridica di tale trattamento si ravvisa nel suo consenso espresso ed inequivocabile (ex art. 6.1, lett. A) del GDPR).<br \/>TITOLARE DEL TRATTAMENTO DEI DATI\/RESPONSABILE DELLA PROTEZIONE DEI DATI<\/p>\n<p>Il Titolare del trattamento \u00e8 Alphabet Maglificio S.r.l., con sede legale Via del Molinuzzo 73\/A 59100 Prato (PO) nella persona del<br \/>legale rappresentante;<br \/>Il responsabile della protezione dei dati (DPO) ai sensi degli art.37-39 del Regolamento UE n. 2016\/679 \u00e8 il Dr. Dionisi Edoardo,<br \/>contatto mail: rpdtoscana@gmail.com .<\/p>\n<p><strong>NATURA DEI DATI TRATTATI (dati di navigazione)<\/strong><\/p>\n<p>I sistemi informatici e le procedure software preposte al funzionamento della piattaforma di questo sito web acquisiscono, nel corso<br \/>del loro normale esercizio, alcuni dati personali la cui trasmissione \u00e8 implicita nell\u2019uso dei protocolli di comunicazione di Internet.<br \/>Si tratta di informazioni che sono raccolte per essere associate all\u2019Utente che decide di interagire tramite form di richiesta e di invio<br \/>e che volontariamente decide di utilizzare questa modalit\u00e0 per usufruire dei servizi, prodotti ed ogni altro genere di richiesta che il<br \/>gestore del sito, od i suoi partners commerciali, sono in grado di offrire.<br \/>In questa categoria di dati rientrano gli indirizzi IP o i nomi a dominio dei computer utilizzati dagli utenti che si connettono al sito, gli<br \/>indirizzi in notazione URI (Uniform Resource Identifier) delle risorse richieste, l\u2019orario della richiesta, il metodo utilizzato nelsottoporre<br \/>la richiesta al server, la dimensione del file ottenuto in risposta, il codice numerico indicante lo stato della risposta data dal server<br \/>(buon fine, errore, ecc.) ed altri parametri relativi al sistema operativo e all\u2019ambiente informatico dell\u2019utente.<br \/>Questi dati vengono utilizzati al solo fine di ricavare informazioni statistiche anonime sull\u2019uso del sito e per controllarne il corretto<br \/>funzionamento e vengono cancellati immediatamente dopo l\u2019elaborazione. I dati potrebbero essere utilizzati per l\u2019accertamento di<br \/>responsabilit\u00e0 in caso di ipotetici reati informatici ai danni del sito: salva questa eventualit\u00e0, allo stato i dati sui contatti web non<br \/>persistono per pi\u00f9 di sette giorni.<\/p>\n<p><strong>FINALIT\u00c0 DEL TRATTAMENTO<\/strong><\/p>\n<p>I trattamenti connessi ai servizi web di questo sito hanno luogo presso la predetta sede del Titolare del Trattamento, presso la sede<br \/>individuata dal gestore del sito internet e sono curati solo da personale incaricato del trattamento, oppure da eventuali incaricati di<br \/>occasionali operazioni di manutenzione.<br \/>Nessun dato derivante dal servizio web viene comunicato o diffuso. I dati personali forniti dagli utenti che inoltrano richieste di invio<br \/>di materiale in merito al servizio richiesto (oppure anche solo di carattere informativo) sono utilizzati al solo fine di eseguire il servizio,<br \/>l\u2019invio di prodotti ed ogni altro genere di richiesta che il gestore del sito, od i suoi partners commerciali, sono in grado di offrire e<br \/>sono comunicati a terzi solo se necessario e se coinvolti e funzionali all\u2019espletamento di quanto richiesto dall\u2019Utente.<br \/>La raccolta ed il trattamento dei dati personali dell\u2019Utente avverranno nel rispetto dei principi generali di necessit\u00e0, correttezza,<br \/>pertinenza e non eccedenza ed in particolare il trattamento dei dati avverr\u00e0 per:<\/p>\n<p>DATI FORNITI VOLONTARIAMENTE DALL\u2019UTENTE<\/p>\n<p>L\u2019invio facoltativo, esplicito e volontario di posta elettronica agli indirizzi indicati su questo sito comporta la successiva acquisizione<br \/>dell\u2019indirizzo del mittente, necessario per rispondere alle richieste, nonch\u00e9 degli eventuali altri dati personali inseriti nella missiva.<\/p>\n<p>Stessa analoga procedura per l\u2019eventuale immissione di dati tramite il login di accesso e registrazione. L\u2019invio degli stessi tramite<br \/>procedure informatiche comporta, senza ulteriori richieste, l\u2019accettazione ed il consenso al trattamento dei propri dati.<br \/>Specifiche informative di sintesi verranno progressivamente riportate o visualizzate nelle pagine del sito predisposte per particolari<br \/>servizi a richiesta.<\/p>\n<p><strong>CONFERIMENTO DEI DATI<\/strong><\/p>\n<p>A parte quanto specificato per i dati di navigazione, l\u2019utente \u00e8 libero di fornire i dati personali riportati nelle apposite maschere<br \/>relative ai servizi, prodotti ed ogni altro genere di richiesta che il gestore del sito, od i suoi partners commerciali, sono in grado di<br \/>offrire, nonch\u00e9 relativi al consenso al trattamento dei dati o comunque indicati per sollecitare l\u2019invio di materiale informativo o di<br \/>altre comunicazioni. Il loro mancato conferimento pu\u00f2 comportare l\u2019impossibilit\u00e0 di ottenere risposta a eventuali richieste o usufruire<br \/>dei servizi o prestazioni che il gestore del sito, od i suoi partners commerciali, sono in grado di fornire.<\/p>\n<p><strong>MODALITA\u2019 DEL TRATTAMENTO<\/strong><\/p>\n<p>Il trattamento sar\u00e0 svolto in forma automatizzata e\/o manuale, nel rispetto di quanto previsto dall\u2019art. 32 del GDPR 2016\/679 in<br \/>materia di misure di sicurezza, ad opera di soggetti appositamente incaricati e in ottemperanza a quanto previsto dagli art. 29 GDPR<br \/>2016\/ 679.<\/p>\n<p><strong>CONSERVAZIONE DEI DATI<\/strong><\/p>\n<p>Le segnaliamo che, nel rispetto dei principi di liceit\u00e0, limitazione delle finalit\u00e0 e minimizzazione dei dati, ai sensi dell\u2019art. 5 GDPR<br \/>2016\/679, i Suoi dati personali saranno conservati per il periodo di tempo necessario per il conseguimento delle finalit\u00e0 per le quali<br \/>sono raccolti e trattati. La durata non potr\u00e0 comunque essere superiore ad anni 5 (cinque).<\/p>\n<p><strong>AMBITO DI COMUNICAZIONE E DIFFUSIONE<\/strong><\/p>\n<p>I Dati raccolti ed elaborati potranno essere:<br \/>a) utilizzati in forma anonima per finalit\u00e0 statistiche;<br \/>b) messi a disposizione dei Collaboratori del Titolare, in qualit\u00e0 di Responsabili o Incaricati;<br \/>c) comunicati a terze persone, fisiche o giuridiche o pubbliche amministrazioni, solo se coinvolte e funzionali all\u2019erogazione dei servizi,<br \/>prodotti ed ogni altro genere di richiesta che il gestore del sito \u00e8 in grado di soddisfare, ed in genere, a tutti quei soggetti pubblici e<br \/>privati cui la comunicazione sia necessaria per il corretto adempimento delle finalit\u00e0 sopra indicate;<br \/>d) trasferiti ad altro Titolare (in qualit\u00e0 di titolare autonomo) per trattamenti effettuati all\u2019esterno, per gli aspetti che possono<br \/>riguardarli e secondo le modalit\u00e0 previste dalla legge;<\/p>\n<p><strong>DIRITTI DEGLI INTERESSATI<\/strong><\/p>\n<p>In ogni momento, Lei potr\u00e0 esercitare, ai sensi degli articoli dal 15 al 22 del Regolamento UE n. 2016\/679, il diritto di:<br \/>a) chiedere la conferma dell\u2019esistenza o meno di propri dati personali;<br \/>b) ottenere le indicazioni circa le finalit\u00e0 del trattamento, le categorie dei dati personali, i destinatari o le categorie di destinatari a<br \/>cui i dati personali sono stati o saranno comunicati e, quando possibile, il periodo di conservazione;<br \/>c) ottenere la rettifica e la cancellazione dei dati;<br \/>d) ottenere la limitazione del trattamento;<br \/>e) ottenere la portabilit\u00e0 dei dati, ossia riceverli da un titolare del trattamento, in un formato strutturato, di uso comune e leggibile<br \/>da dispositivo automatico, e trasmetterli ad un altro titolare del trattamento senza impedimenti;<br \/>f) opporsi al trattamento in qualsiasi momento ed anche nel caso di trattamento per finalit\u00e0 di marketing diretto;<br \/>g) opporsi ad un processo decisionale automatizzato relativo alle persone fisiche, compresa la profilazione.<br \/>h) chiedere al titolare del trattamento l\u2019accesso ai dati personali e la rettifica o la cancellazione degli stessi o la limitazione del<br \/>trattamento che lo riguardano o di opporsi al loro trattamento, oltre al diritto alla portabilit\u00e0 dei dati;<br \/>i) revocare il consenso in qualsiasi momento senza pregiudicare la liceit\u00e0 del trattamento basata sul consenso prestato prima della<br \/>revoca;<br \/>j) proporre reclamo a un\u2019autorit\u00e0 di controllo.<br \/>Pu\u00f2 esercitare i Suoi diritti con richiesta scritta inviata a Alphabet Maglificio S.r.l., all&#8217;indirizzo postale della sede legale o all\u2019indirizzo<br \/>mail del Responsabile della Protezione dei Dati.<\/p>\n<p><strong>AGGIORNAMENTO DELLA PRESENTE INFORMATIVA<\/strong><\/p>\n<p>La presente Informativa pu\u00f2 subire variazioni. Eventuali modifiche sostanziali saranno trasmesse agli interessati tramite avviso o<br \/>pubblicazione sul sito internet aziendale.<\/p>\n","protected":false},"excerpt":{"rendered":"<p>(Ai sensi dell\u2019art. 13 del Regolamento UE n. 2016\/679) Desideriamo informare l\u2019Utente che il Regolamento UE n. 2016\/679 garantisce che il trattamento dei dati personali si svolga nelrispetto dei diritti e delle libert\u00e0 fondamentali, nonch\u00e9 della dignit\u00e0 dell\u2019interessato, con particolare riferimento alla riservatezza,all&#8217;identit\u00e0 personale e al diritto alla protezione dei dati personali. Vengono qui inoltre [&hellip;]<\/p>\n","protected":false},"author":1,"featured_media":0,"parent":0,"menu_order":0,"comment_status":"closed","ping_status":"open","template":"","meta":{"_et_pb_use_builder":"","_et_pb_old_content":"","_et_gb_content_width":"","footnotes":""},"class_list":["post-2213","page","type-page","status-publish","hentry"],"_links":{"self":[{"href":"https:\/\/www.alphabetmoda.it\/index.php\/wp-json\/wp\/v2\/pages\/2213","targetHints":{"allow":["GET"]}}],"collection":[{"href":"https:\/\/www.alphabetmoda.it\/index.php\/wp-json\/wp\/v2\/pages"}],"about":[{"href":"https:\/\/www.alphabetmoda.it\/index.php\/wp-json\/wp\/v2\/types\/page"}],"author":[{"embeddable":true,"href":"https:\/\/www.alphabetmoda.it\/index.php\/wp-json\/wp\/v2\/users\/1"}],"replies":[{"embeddable":true,"href":"https:\/\/www.alphabetmoda.it\/index.php\/wp-json\/wp\/v2\/comments?post=2213"}],"version-history":[{"count":0,"href":"https:\/\/www.alphabetmoda.it\/index.php\/wp-json\/wp\/v2\/pages\/2213\/revisions"}],"wp:attachment":[{"href":"https:\/\/www.alphabetmoda.it\/index.php\/wp-json\/wp\/v2\/media?parent=2213"}],"curies":[{"name":"wp","href":"https:\/\/api.w.org\/{rel}","templated":true}]}}

<h3 style="text-align: left;">(Ai sensi dell’art. 13 del Regolamento UE n. 2016/679)</h3>
<p>Desideriamo informare l’Utente che il Regolamento UE n. 2016/679 garantisce che il trattamento dei dati personali si svolga nel<br />rispetto dei diritti e delle libertà fondamentali, nonché della dignità dell’interessato, con particolare riferimento alla riservatezza,<br />all&#8217;identità personale e al diritto alla protezione dei dati personali. Vengono qui inoltre descritte le modalità di gestione del sito in<br />riferimento al trattamento dei dati personali degli utenti che lo consultano e che hanno eventualmente accesso all’area riservata.<br />Si tratta di un’informativa che è resa anche ai sensi dell’art. 13 del Regolamento UE n. 2016/679 a coloro che interagiscono con i<br />servizi web di Alphabet Maglificio S.r.l. accessibili per via telematica all’indirizzo:</p>
<p><a href="https://www.alphabetmoda.it">https://www.alphabetmoda.it</a></p>
<p>Questa informativa è resa per i soli siti riferibili a Alphabet Maglificio S.r.l. e non per altri siti web eventualmente consultati<br />dall’Utente tramite link.<br />L’informativa prende spunto dalla Raccomandazione n. 2/2001 che le autorità europee per la protezione dei dati personali, riunite<br />nel Gruppo istituito dall’art. 29 della direttiva n. 95/46/CE, hanno adottato il 17 maggio 2001 per individuare alcuni requisiti minimi<br />per la raccolta di dati personali on-line, e, in particolare, le modalità, i tempi e la natura delle informazioni che i titolari del trattamento<br />devono fornire agli utenti quando questi si collegano a pagine web, indipendentemente dagli scopi del collegamento.</p>
<p><strong>BASE GIURIDICA DEL TRATTAMENTO</strong></p>
<p>La base giuridica di tale trattamento si ravvisa nel suo consenso espresso ed inequivocabile (ex art. 6.1, lett. A) del GDPR).<br />TITOLARE DEL TRATTAMENTO DEI DATI/RESPONSABILE DELLA PROTEZIONE DEI DATI</p>
<p>Il Titolare del trattamento è Alphabet Maglificio S.r.l., con sede legale Via del Molinuzzo 73/A 59100 Prato (PO) nella persona del<br />legale rappresentante;<br />Il responsabile della protezione dei dati (DPO) ai sensi degli art.37-39 del Regolamento UE n. 2016/679 è il Dr. Dionisi Edoardo,<br />contatto mail: rpdtoscana@gmail.com .</p>
<p><strong>NATURA DEI DATI TRATTATI (dati di navigazione)</strong></p>
<p>I sistemi informatici e le procedure software preposte al funzionamento della piattaforma di questo sito web acquisiscono, nel corso<br />del loro normale esercizio, alcuni dati personali la cui trasmissione è implicita nell’uso dei protocolli di comunicazione di Internet.<br />Si tratta di informazioni che sono raccolte per essere associate all’Utente che decide di interagire tramite form di richiesta e di invio<br />e che volontariamente decide di utilizzare questa modalità per usufruire dei servizi, prodotti ed ogni altro genere di richiesta che il<br />gestore del sito, od i suoi partners commerciali, sono in grado di offrire.<br />In questa categoria di dati rientrano gli indirizzi IP o i nomi a dominio dei computer utilizzati dagli utenti che si connettono al sito, gli<br />indirizzi in notazione URI (Uniform Resource Identifier) delle risorse richieste, l’orario della richiesta, il metodo utilizzato nelsottoporre<br />la richiesta al server, la dimensione del file ottenuto in risposta, il codice numerico indicante lo stato della risposta data dal server<br />(buon fine, errore, ecc.) ed altri parametri relativi al sistema operativo e all’ambiente informatico dell’utente.<br />Questi dati vengono utilizzati al solo fine di ricavare informazioni statistiche anonime sull’uso del sito e per controllarne il corretto<br />funzionamento e vengono cancellati immediatamente dopo l’elaborazione. I dati potrebbero essere utilizzati per l’accertamento di<br />responsabilità in caso di ipotetici reati informatici ai danni del sito: salva questa eventualità, allo stato i dati sui contatti web non<br />persistono per più di sette giorni.</p>
<p><strong>FINALITÀ DEL TRATTAMENTO</strong></p>
<p>I trattamenti connessi ai servizi web di questo sito hanno luogo presso la predetta sede del Titolare del Trattamento, presso la sede<br />individuata dal gestore del sito internet e sono curati solo da personale incaricato del trattamento, oppure da eventuali incaricati di<br />occasionali operazioni di manutenzione.<br />Nessun dato derivante dal servizio web viene comunicato o diffuso. I dati personali forniti dagli utenti che inoltrano richieste di invio<br />di materiale in merito al servizio richiesto (oppure anche solo di carattere informativo) sono utilizzati al solo fine di eseguire il servizio,<br />l’invio di prodotti ed ogni altro genere di richiesta che il gestore del sito, od i suoi partners commerciali, sono in grado di offrire e<br />sono comunicati a terzi solo se necessario e se coinvolti e funzionali all’espletamento di quanto richiesto dall’Utente.<br />La raccolta ed il trattamento dei dati personali dell’Utente avverranno nel rispetto dei principi generali di necessità, correttezza,<br />pertinenza e non eccedenza ed in particolare il trattamento dei dati avverrà per:</p>
<p>DATI FORNITI VOLONTARIAMENTE DALL’UTENTE</p>
<p>L’invio facoltativo, esplicito e volontario di posta elettronica agli indirizzi indicati su questo sito comporta la successiva acquisizione<br />dell’indirizzo del mittente, necessario per rispondere alle richieste, nonché degli eventuali altri dati personali inseriti nella missiva.</p>
<p>Stessa analoga procedura per l’eventuale immissione di dati tramite il login di accesso e registrazione. L’invio degli stessi tramite<br />procedure informatiche comporta, senza ulteriori richieste, l’accettazione ed il consenso al trattamento dei propri dati.<br />Specifiche informative di sintesi verranno progressivamente riportate o visualizzate nelle pagine del sito predisposte per particolari<br />servizi a richiesta.</p>
<p><strong>CONFERIMENTO DEI DATI</strong></p>
<p>A parte quanto specificato per i dati di navigazione, l’utente è libero di fornire i dati personali riportati nelle apposite maschere<br />relative ai servizi, prodotti ed ogni altro genere di richiesta che il gestore del sito, od i suoi partners commerciali, sono in grado di<br />offrire, nonché relativi al consenso al trattamento dei dati o comunque indicati per sollecitare l’invio di materiale informativo o di<br />altre comunicazioni. Il loro mancato conferimento può comportare l’impossibilità di ottenere risposta a eventuali richieste o usufruire<br />dei servizi o prestazioni che il gestore del sito, od i suoi partners commerciali, sono in grado di fornire.</p>
<p><strong>MODALITA’ DEL TRATTAMENTO</strong></p>
<p>Il trattamento sarà svolto in forma automatizzata e/o manuale, nel rispetto di quanto previsto dall’art. 32 del GDPR 2016/679 in<br />materia di misure di sicurezza, ad opera di soggetti appositamente incaricati e in ottemperanza a quanto previsto dagli art. 29 GDPR<br />2016/ 679.</p>
<p><strong>CONSERVAZIONE DEI DATI</strong></p>
<p>Le segnaliamo che, nel rispetto dei principi di liceità, limitazione delle finalità e minimizzazione dei dati, ai sensi dell’art. 5 GDPR<br />2016/679, i Suoi dati personali saranno conservati per il periodo di tempo necessario per il conseguimento delle finalità per le quali<br />sono raccolti e trattati. La durata non potrà comunque essere superiore ad anni 5 (cinque).</p>
<p><strong>AMBITO DI COMUNICAZIONE E DIFFUSIONE</strong></p>
<p>I Dati raccolti ed elaborati potranno essere:<br />a) utilizzati in forma anonima per finalità statistiche;<br />b) messi a disposizione dei Collaboratori del Titolare, in qualità di Responsabili o Incaricati;<br />c) comunicati a terze persone, fisiche o giuridiche o pubbliche amministrazioni, solo se coinvolte e funzionali all’erogazione dei servizi,<br />prodotti ed ogni altro genere di richiesta che il gestore del sito è in grado di soddisfare, ed in genere, a tutti quei soggetti pubblici e<br />privati cui la comunicazione sia necessaria per il corretto adempimento delle finalità sopra indicate;<br />d) trasferiti ad altro Titolare (in qualità di titolare autonomo) per trattamenti effettuati all’esterno, per gli aspetti che possono<br />riguardarli e secondo le modalità previste dalla legge;</p>
<p><strong>DIRITTI DEGLI INTERESSATI</strong></p>
<p>In ogni momento, Lei potrà esercitare, ai sensi degli articoli dal 15 al 22 del Regolamento UE n. 2016/679, il diritto di:<br />a) chiedere la conferma dell’esistenza o meno di propri dati personali;<br />b) ottenere le indicazioni circa le finalità del trattamento, le categorie dei dati personali, i destinatari o le categorie di destinatari a<br />cui i dati personali sono stati o saranno comunicati e, quando possibile, il periodo di conservazione;<br />c) ottenere la rettifica e la cancellazione dei dati;<br />d) ottenere la limitazione del trattamento;<br />e) ottenere la portabilità dei dati, ossia riceverli da un titolare del trattamento, in un formato strutturato, di uso comune e leggibile<br />da dispositivo automatico, e trasmetterli ad un altro titolare del trattamento senza impedimenti;<br />f) opporsi al trattamento in qualsiasi momento ed anche nel caso di trattamento per finalità di marketing diretto;<br />g) opporsi ad un processo decisionale automatizzato relativo alle persone fisiche, compresa la profilazione.<br />h) chiedere al titolare del trattamento l’accesso ai dati personali e la rettifica o la cancellazione degli stessi o la limitazione del<br />trattamento che lo riguardano o di opporsi al loro trattamento, oltre al diritto alla portabilità dei dati;<br />i) revocare il consenso in qualsiasi momento senza pregiudicare la liceità del trattamento basata sul consenso prestato prima della<br />revoca;<br />j) proporre reclamo a un’autorità di controllo.<br />Può esercitare i Suoi diritti con richiesta scritta inviata a Alphabet Maglificio S.r.l., all&#8217;indirizzo postale della sede legale o all’indirizzo<br />mail del Responsabile della Protezione dei Dati.</p>
<p><strong>AGGIORNAMENTO DELLA PRESENTE INFORMATIVA</strong></p>
<p>La presente Informativa può subire variazioni. Eventuali modifiche sostanziali saranno trasmesse agli interessati tramite avviso o<br />pubblicazione sul sito internet aziendale.</p>

<p>(Ai sensi dell’art. 13 del Regolamento UE n. 2016/679) Desideriamo informare l’Utente che il Regolamento UE n. 2016/679 garantisce che il trattamento dei dati personali si svolga nelrispetto dei diritti e delle libertà fondamentali, nonché della dignità dell’interessato, con particolare riferimento alla riservatezza,all&#8217;identità personale e al diritto alla protezione dei dati personali. Vengono qui inoltre [&hellip;]</p>
